 List the prime factors of j.
2, 31, 479
Suppose 0 = -5*n + 5*h + 10, -56 = -5*n - h - 16. Suppose -2*m + n*m = -855. Let q = -117 - m. What are the prime factors of q?
2, 3
Suppose -5*f = 5*n - 5, -12 = -4*n - 0*f - 2*f. List the prime factors of 4*(2772/16 + n).
23, 31
Let n(j) = 104*j**2 + 4*j - 9. Suppose 5*k + 4*z + 26 = 7*k, -2*k + 2*z + 16 = 0. List the prime factors of n(k).
3, 313
Let w be 8 + -6 + -1 + 1*6. Let y(z) = 24*z + 13. Let q(x) = -47*x - 26. Let c(m) = w*y(m) + 4*q(m). What are the prime factors of c(-6)?
107
Suppose h - i = i + 7, 3*i = -15. Let n be -60*(h + (-35)/(-15)). Let l = n + -33. List the prime factors of l.
7
Let o = 109 - 115. Let i(h) = 16*h**2 + 10*h - 5. Let u(v) = -15*v**2 - 11*v + 4. Let w(p) = o*i(p) - 7*u(p). What are the prime factors of w(-4)?
2, 3, 13
What are the prime factors of ((-20020)/(-165))/(10/1905)?
2, 7, 13, 127
Let p(f) = 17*f**3 + 7*f**2 - 3. Let x be p(3). Suppose -o + 719 = 3*n, 3*o - 1688 = n + x. List the prime factors of o.
2, 367
Let v = 440 - 440. Suppose v = -q + 1, -10*s + 14*s + 3*q - 3263 = 0. What are the prime factors of s?
5, 163
Suppose -2*o = 4*s + 790, -1982 = 2*o + 3*o + 3*s. Let k = o - -566. What are the prime factors of k?
13
Suppose 587125 = -15*i + 39*i + 31*i. List the prime factors of i.
5, 7, 61
Let y(z) = -z**3 - 15*z**2 - 2*z + 165. Let j(d) = 2*d**3 + 31*d**2 + 4*d - 330. Let i(f) = 4*j(f) + 9*y(f). What are the prime factors of i(0)?
3, 5, 11
Suppose -4*i = -4*m - 80, 4*i - m - 79 = 2*m. Suppose -24*k + i*k - 25 = 0. List the prime factors of (33*5 - (k - -2)) + 1.
13
Suppose -55 = 58*g + 3. List the prime factors of g + (-25052)/(-20) + (-4)/(-10).
2, 313
Let s = -1137 - -877. Let m = 432 + s. What are the prime factors of m?
2, 43
Let i = 113920 - 69603. What are the prime factors of i?
7, 13, 487
Suppose w + 1631 = -4*u, -4*w + 1212 = -3*u - w. What are the prime factors of (-196211)/u - (-1)/(-11)?
2, 241
List the prime factors of (-5)/(60/(-12)) + (-5504)/(-4).
3, 17
Let r = 64 + -57. Suppose 0 = 2*g - 1 + r. List the prime factors of (-1)/(g/222)*(-3)/(-6).
37
Suppose -1950*t = -1939*t - 89166. What are the prime factors of t?
2, 3, 7, 193
Let n(w) = -3*w**2 + 28*w + 23. Let m be n(10). Suppose 5*d - 466 = 4*d - k, 2324 = 5*d + m*k. List the prime factors of d.
463
Suppose -23*s + 605315 = 4*j, 78975 = -37*s + 40*s + 4*j. What are the prime factors of s?
26317
Suppose 4*k + 39 = 7*k + 3*x, k = 3*x + 21. Suppose -k*d - 2170 = -20*d. What are the prime factors of d?
2, 7, 31
Suppose 0 = 24*n + 22*n - 287040. List the prime factors of n.
2, 3, 5, 13
Let k = 3611 + 12587. List the prime factors of k.
2, 7, 13, 89
Let m be -1 + (-2)/(-4) - 110/(-20). Let q(h) = 14*h**2 + 2*h**2 - m*h**2 + 8*h + 10 + h**3 + 0*h**3. What are the prime factors of q(-6)?
2, 71
Suppose q + 3*j = 6226, 4*q - 2*j - 7472 = 17460. List the prime factors of q.
2, 19, 41
Let w be (-29)/3*6/(-2). Suppose w = 4*a + a - 4*k, 2*k = 2*a - 12. Suppose 0 = -p + 3*p + a*s - 364, 0 = 3*p + 5*s - 546. What are the prime factors of p?
2, 7, 13
Suppose 29 - 47 = 6*i. Let o be (-5 + 40/12)*i. Suppose -2*f + 3*v = -179, f + 4*v - o*v = 89. List the prime factors of f.
2, 11
Suppose 0 = 4*c - 3*q - 23848, -2*q - 5926 = 2*c - 17850. What are the prime factors of c?
2, 11, 271
Let p(s) = 128*s + 9913. List the prime factors of p(0).
23, 431
Let s(a) = 8*a**3 + 10*a**2 + 6*a - 51. List the prime factors of s(8).
4733
Suppose -q - 5 = 0, -5*q - 9 = x - 420. Let m = 1325 - x. List the prime factors of m.
7, 127
What are the prime factors of 6*(-7)/(-357) + 6 + 1813975/85?
21347
Let l(n) = -n**3 - 3*n**2 + n - 2. Let c be l(-4). What are the prime factors of (-108)/30*(-2325)/c?
3, 31
Let r(w) be the first derivative of 2*w**3/3 - 24*w**2 - w - 1. Let z be r(24). What are the prime factors of (1/2)/(z/(-98))?
7
Suppose 5*q + 3*q - 32 = 0. Suppose -246 = v - q*v. List the prime factors of v.
2, 41
Let y(a) = 12*a**2 + 49*a - 1391. List the prime factors of y(81).
2, 5, 47, 173
Let n be (-92)/(-3) + (-120)/(-36). Let t = -54 - -105. List the prime factors of (1 + (-422)/(-6))/(n/t).
107
Suppose 2*t + 2*k + 558 = 4*t, -t + 282 = 2*k. Suppose 17*d = -8*d + 75. Suppose 4*l + d*l = t. What are the prime factors of l?
2, 5
Suppose -5*v + 4 = -3*f, 2*f - 5*v + 20 = 7*f. What are the prime factors of f/2 - (-3)/((-3)/(-803))?
2, 3, 67
Let s = -149 - -99. Let y = s + 39. Let p(o) = 3*o**2 + 15*o + 3. List the prime factors of p(y).
3, 67
Suppose -25*g = -6*g - 3857. Suppose -4248 = -207*n + g*n. List the prime factors of n.
2, 3, 59
Let m(s) = -412*s + 44. Let d(h) = 2. Let v(p) = 24*d(p) - m(p). List the prime factors of v(3).
2, 5, 31
List the prime factors of (24649/314)/((-1)/(-86)).
43, 157
What are the prime factors of (82/10 + -7)/(2/13635)?
3, 101
Suppose 0 = -5*t + 57*d - 40*d + 192079, 153626 = 4*t + 5*d. List the prime factors of t.
3, 7, 31, 59
Suppose 7*p + 129690 = 37*p. List the prime factors of p.
3, 11, 131
Let m(l) be the second derivative of -l**5/20 + 7*l**4/12 - 5*l**3/6 + 5*l**2/2 - 17*l. Let t be m(5). Let q = t + 64. What are the prime factors of q?
2, 47
Let n(w) = 55281*w**2 + 32*w + 26. List the prime factors of n(-1).
3, 5, 11, 67
Let p be (20/16)/((-1)/(-4) + 0). Suppose 0 = 3*c - p*i - 496, c = -5*i - 0*i + 172. List the prime factors of c.
167
Let r(g) = -9*g**3 + 3*g**2 + 3*g - 18. Let f(u) = 7*u**3 - 2*u**2 - 3*u + 15. Let t(v) = -4*f(v) - 3*r(v). Let i = -3 - 1. List the prime factors of t(i).
2, 3, 5
Let r = 59 - 123. What are the prime factors of (r/5)/(((-133)/(-980))/(-19))?
2, 7
Let j = -58 + 148. Let h = j + -115. Let f = h - -37. What are the prime factors of f?
2, 3
Let h be (5804/6)/(124/186). Let z = -510 + h. What are the prime factors of z?
941
Let y(v) = -v - 1. Let t be y(-5). Suppose 2 = -5*d + c, -2 = -14*d + 9*d - c. Suppose 0 = -t*w - d*s - s + 140, 12 = 3*s. List the prime factors of w.
2, 17
Suppose -4*k = 64 - 68. What are the prime factors of (2*k)/((-1864)/376 + 5)?
47
Let l = -79 + 84. What are the prime factors of 18 - l - (4 + -8)?
17
Suppose 1072568 = 110*v - 1451602. What are the prime factors of v?
3, 7649
Suppose 119736 = 30*v - 11*v - 7*v. What are the prime factors of v?
2, 3, 1663
Let y be (4/12)/(2/(-8))*288. Let i = -359 - y. What are the prime factors of i?
5
Suppose -72*l + 3680 = -68*l. List the prime factors of l - (-5 + 7)*-1.
2, 461
What are the prime factors of (-2 - (-65750)/8) + 12/48?
3, 11, 83
Let s(x) = x**3 - 6*x**2 + 7*x - 7. Suppose 0 = 14*d - 11*d. Suppose d*j + 2*j = 12. List the prime factors of s(j).
5, 7
What are the prime factors of (-71726)/(-8) - 707/404?
2, 3, 83
What are the prime factors of (-1)/(18/(-48) - (-53075)/141800)?
2, 709
Let k(w) = -2*w**3 - 73*w**2 + 19*w. Suppose 68 = -2*u - 2*m, 31 = -u + 5*m - 7*m. List the prime factors of k(u).
2, 3, 37
Let n = 83 + 11. Let m = -156 + n. Let v = -59 - m. List the prime factors of v.
3
Suppose 0 = 8*k - 8234 + 4843 - 106793. What are the prime factors of k?
3, 4591
Let y = 1233 + -357. What are the prime factors of y?
2, 3, 73
Let y = 3610 - 2822. List the prime factors of y.
2, 197
Suppose 33*c = 17*c. Suppose 5110 = 5*u - 3*s, u - 4*s = -c*u + 1039. List the prime factors of u.
1019
Let v(u) = 2348*u**3 + 7*u**2 + 8*u - 47. List the prime factors of v(2).
7, 2683
Let j be 6 + 2 - (-2 + -2). Suppose 5*b + 2 - j = 0. Suppose b*d - d - 13 = 0. List the prime factors of d.
13
Suppose -5*n - 1 = b, -b - 1 + 6 = 3*n. Suppose -b*x - 14170 = -27*x. List the prime factors of x.
2, 5, 109
Suppose -h - 2*h + 12 = 0. Suppose 5*q - 1220 = -1205. Suppose 4*d + 177 = c, -126 + 593 = q*c + h*d. List the prime factors of c.
7, 23
Let b = -19133 - -34817. What are the prime factors of b?
2, 3, 1307
Let k = -879 - -2054. Suppose 0 = -c + 4*c + 12, -3*n + k = -2*c. List the prime factors of n.
389
Suppose 785 = 4*o - 4975. List the prime factors of (-1)/(-1 + o/1445) - -1.
2, 5, 29
Let k be (699 - (-24)/6) + -5. Let c = k + -203. List the prime factors of c.
3, 5, 11
Suppose 3*r - 3 = -x - 15, -10 = 2*r. Suppose -x*m + 3*s + 642 = -m, 4*m - 1306 = -5*s. What are the prime factors of m?
2, 3
Let m = -3754 - -7705. Suppose 0 = i + 8*i - m. List the prime factors of i.
439
Suppose -w - 51 